ded by a.
8
Let w = -18 - -12. Let v = -3 - w. Calculate the remainder when -3 + (2 - -91)/v is divided by 15.
13
Calculate the remainder when 19 is divided by (1 - (-6)/8)/((-4)/(-32)).
5
Let a be (-15)/25 + 104/(-10). Let g = a + 46. Suppose -3*p = -m + g, 7*m - 2*p - 110 = 3*m. What is the remainder when m is divided by 9?
8
Suppose -3*x = -0*x - 36. Let q(d) = -d + 6. Let l be q(3). Suppose x = -a + l*a. What is the remainder when 17 is divided by a?
5
Let x be (-1 + 7)/((-6)/4). What is the remainder when 5 is divided by (6/x)/(3/(-6))?
2
Suppose 2*f - 5 - 1 = 0. Let p(s) = 2*s**2 - 3*s - 4. Let j be p(f). Suppose -y = -2*y + j, 2*y = -m + 35. Calculate the remainder when m is divided by 9.
7
Suppose 8 = -a + 39. What is the remainder when a is divided by 17?
14
Let z(a) = 2*a + 3. Suppose -i - 2 + 12 = 4*b, 4*b = i - 2. Calculate the remainder when 28 is divided by z(i).
13
Let q = 25 + -3. Calculate the remainder when 84 is divided by q.
18
What is the remainder when 130/5 + -4 + 0 is divided by 12?
10
Let d = 32 + -15. Calculate the remainder when (0 - (-16)/6)*12 is divided by d.
15
Suppose 0*z = -2*z + 12. Calculate the remainder when 13 is divided by 86/18 + z/27.
3
Let f(b) = -3*b**2 + 4*b. Let p be f(3). Let u = -12 - p. What is the remainder when 8 is divided by u?
2
Suppose -14 + 9 = -a. Let z(l) = l**2 + 3*l + 10. Calculate the remainder when z(a) is divided by -1*7*-2 + -1.
11
Suppose -z - x + 1 = 0, z = 2*z - 2*x - 1. Suppose 0 = -2*d - d + 21. What is the remainder when 14/1 - (3 - z) is divided by d?
5
Let f = 34 + -10. Suppose -l = 2*l + 33. Let w = f + l. Calculate the remainder when 38 is divided by w.
12
Calculate the remainder when 92 is divided by (-16)/(-40) - (-234)/15.
12
Let f = 89 - 30. Suppose -b - b - 5*o + 47 = 0, -96 = -3*b + o. Calculate the remainder when f is divided by b.
28
Calculate the remainder when 6*105/10*(-2)/(-6) is divided by 6.
3
Let d = 125 + -95. Calculate the remainder when d is divided by 11.
8
Let w(g) = g**3 + g**2 + g + 50. Suppose h = 5*h + 2*r - 58, 2*r = -2*h + 24. What is the remainder when w(0) is divided by h?
16
Suppose 4*z - 2*n = 82, -2*z + n = 5*n - 36. Calculate the remainder when 79 is divided by z.
19
Let o = 17 + 17. Suppose -12 = -m - 0*m. Calculate the remainder when o is divided by m.
10
Suppose 2*n - 3*x = 39, 4*x + 47 = 2*n + 3. Calculate the remainder when 46 is divided by n.
10
Suppose 5*z + 4*m - 247 = 0, 4*z + 155 = 7*z - m. What is the remainder when z is divided by (-1)/(-3) - (-38)/3?
12
Suppose -320 = -5*t - 35. What is the remainder when t is divided by 15?
12
What is the remainder when 70 is divided by ((-6)/4)/(2/(-20))?
10
Suppose 262 = 5*k - 8. What is the remainder when k is divided by 17?
3
Let i(c) = -8*c - 3. Let a be i(-3). Let s = a - 13. What is the remainder when 21 is divided by s?
5
Let h = -7 + 9. Let b(n) = -4*n - 1. Let y = -5 + 3. What is the remainder when b(y) is divided by h?
1
Suppose 6*h + 136 = 2*h. Let y = -8 - h. Let x = 0 + 9. Calculate the remainder when y is divided by x.
8
Let d(o) = o + 4. Let k be d(-4). Suppose k = y - 15 - 8. What is the remainder when y is divided by 12?
11
Suppose 20 = 6*f - 2*f. Suppose -5*r + 45 = -0. What is the remainder when r is divided by f?
4
Calculate the remainder when 0 + 11 - ((-4)/1)/(-2) is divided by 7.
2
Suppose 8 = -a + 12. What is the remainder when ((-77)/22)/(2/(-4)) is divided by a?
3
Suppose k - 30 = -5*x, 3*x - 4*k - 3 = 15. Calculate the remainder when 34 is divided by x.
4
What is the remainder when (-2)/3 - (-264)/18 is divided by 4?
2
Let h = 34 - 0. Suppose 0 = 4*k + 2*w - 80, 12 + 13 = k + 3*w. Calculate the remainder when h is divided by k.
15
Let b = -99 + 166. Calculate the remainder when b is divided by 14.
11
Suppose 4*d - 15 = 25. What is the remainder when 19 is divided by d?
9
Suppose -5*x - 5*v = -60, -9 + 5 = -2*x + 3*v. Calculate the remainder when 45 is divided by x.
5
Suppose -2*i - x + 26 = -0*x, 0 = -3*i + 2*x + 46. What is the remainder when 53 is divided by i?
11
Suppose -3*r = 2*r. Suppose r*c + c = -5. Let d(m) = m**2 + 2*m - 3. What is the remainder when 22 is divided by d(c)?
10
Suppose 2*l - 2 = 4. Suppose 2*n = 2*f - l*n - 1, 3*f = -4*n + 13. Suppose 2*g - f*g + 16 = 0. What is the remainder when 30 is divided by g?
14
Let r be 2*(21/2 + -2). Let h = -10 + r. Let s(w) = w**2 - w - 7. Calculate the remainder when s(5) is divided by h.
6
Suppose -13*b = -28 - 336. Calculate the remainder when b is divided by 16.
12
Let v(p) = -15*p - 1. Let u be v(5). Let q = 48 + u. Let z = q + 44. What is the remainder when 46 is divided by z?
14
Suppose u + u + 45 = b, -5*b + 197 = -3*u. Let a be (-1)/(-1 + 21/18). Let f = a + 19. Calculate the remainder when b is divided by f.
11
Let l(m) = m**3 - 4*m**2 - m + 1. Suppose 2*o - 2 = 2*q, 3*q - 29 = -5*o + 8. Calculate the remainder when l(o) is divided by 11.
10
Let k(b) be the second derivative of b**5/20 + 5*b**4/12 - 7*b**3/6 - 3*b**2/2 + b. Calculate the remainder when 11 is divided by k(-6).
2
Let h(x) = 64 - 14*x - 64. Suppose -w = -13 - 13. Calculate the remainder when w is divided by h(-1).
12
Let q = 18 - -6. What is the remainder when q is divided by 7?
3
Let w(y) = -y**3 + 7*y**2 + 11*y - 6. What is the remainder when 87 is divided by w(8)?
15
Let i(x) = -10*x**2 + x. Let k(z) = -11*z**2 + z. Let y(a) = -4*i(a) + 5*k(a). Let q be y(1). Let r = 29 + q. Calculate the remainder when 44 is divided by r.
14
Suppose -4*a + 4*p + 100 = 0, -5*a + 2*p = -2*p - 120. Let f(k) = k + 38. Calculate the remainder when f(0) is divided by a.
18
Let b(m) = m**3 - 3*m**2 + 2. Let s = -13 + 23. Calculate the remainder when b(4) is divided by s.
8
What is the remainder when 34 is divided by (18/7)/((-11)/(-77))?
16
Suppose 5*s - s + 20 = -4*q, -5*q + 4*s = -20. Suppose 0 = -5*u + 3*m + 46, -m + 36 = 3*u - q*m. What is the remainder when 21 is divided by u?
10
Suppose -4*v + 92 = -0*v. What is the remainder when 89 is divided by v?
20
Let v(r) = r**3 - 4*r**2 + 3*r + 3. Let k(u) = 4*u**2 + 3*u. Calculate the remainder when k(-2) is divided by v(3).
1
Let m = 12 + -3. What is the remainder when 26 is divided by m?
8
Let h be 64/(-28) + (-4)/(-14). What is the remainder when 25 is divided by 27/h*(-2)/3?
7
Suppose -u = -4*u + 6. Calculate the remainder when u + (-2 - -3)*14 is divided by 6.
4
What is the remainder when (-1 + 1)/(-1) - 4 - -110 is divided by 12?
10
Let w = 55 - 28. What is the remainder when w is divided by 14?
13
Suppose 37 = -5*v + g, -4*g + 0 = -2*v - 22. Calculate the remainder when 15 is divided by (-5)/((-10)/4) - v.
6
Let t(j) = -j**2 - 10*j - 7. Let w be t(-9). Suppose -s - 8 = -n, s - 3*s = w. Calculate the remainder when 13 is divided by n.
6
Let j(v) = -v**3 - 3*v**2 + 3*v - 4. Let f be j(-3). Let i = f + 22. What is the remainder when 26 is divided by i?
8
Suppose 0*u = 3*u - 27. Calculate the remainder when 70 is divided by u.
7
Let k be (-1)/(10/(-4))*5. Suppose -k*w = 3*w - 290. Calculate the remainder when w is divided by 20.
18
Let d = -12 - -17. Suppose 41 = 2*b + 3*g, -d*b = 2*g + 12 - 142. What is the remainder when b is divided by 8?
4
Let j be -20 - (-1 + 0 - 0). Let z = j - -36. What is the remainder when z is divided by 7?
3
Calculate the remainder when (4/(-3))/((-22)/957) is divided by 20.
18
Let u be 3 - (1 - (-4)/2). Suppose 0 = -u*k - k + 8. Let o(m) = -6*m - 3. Calculate the remainder when o(-3) is divided by k.
7
Let x = 8 - -10. Let n = 1 + -3. Calculate the remainder when n*((-175)/2)/5 is divided by x.
17
Let d = -6 - -3. Calculate the remainder when 46*(4 + -4 + 1) is divided by 2*d/15*-30.
10
Let j be (5/(-3))/(1/3). Let n be (16 - 1 - -2) + 2. Let u = n + j. Calculate the remainder when u is divided by 5.
4
Suppose 75 = 3*z + 12. Calculate the remainder when z is divided by 64/6 + 1/3.
10
Let c(l) = -l**2 + 4*l + 5. Let o be c(6). Let i = 19 + o. Calculate the remainder when 22 is divided by i.
10
Let j(d) = -4*d - 48. Calculate the remainder when 42 is divided by j(-18).
18
Let k = -38 - -56. What is the remainder when 70 is divided by k?
16
Let c = -78 + 149. What is the remainder when c is divided by 19?
14
Let u = 7 + 8. Let v = -11 + u. Calculate the remainder when v is divi